*y = 5*y - 33, -d*y = 4*p - 48. List the prime factors of p.
3, 5
Let p(z) = 2*z**2 - 19*z + 27. Let g(n) = -n**2 + 21*n - 28. Let k(m) = 6*g(m) + 5*p(m). List the prime factors of k(-18).
3, 5, 47
Suppose -15*g - 467859 = -28*g - 8*g. List the prime factors of g.
22279
Suppose 4*z + 10 = -x - 2*x, 4*x = z - 26. Let m(n) = n**3 + 5*n**2 - 7*n - 8. Let q be m(x). List the prime factors of ((-680)/70)/(q/7).
2, 17
Let c = -613 + 211. Let g = 1158 + c. List the prime factors of g.
2, 3, 7
Suppose 2*c = -2*x + 23712, 0 = -38*x + 43*x - 15. List the prime factors of c.
3, 439
Let i(b) = 10028*b - 425. What are the prime factors of i(3)?
7, 19, 223
Let p = 212 + -205. Suppose p*d = 192 + 109. What are the prime factors of d?
43
Suppose -3*t = -h - 86227, 96*t - 3*h = 99*t - 86235. List the prime factors of t.
3, 11, 13, 67
Let w = 270 - 384. List the prime factors of -1 + -4*w/8 + 1.
3, 19
Let j(o) = 6*o + 14. Let i be j(-2). Suppose -8*m = 4*w - 3*m + 91, -i*w - 48 = 2*m. Let r = w + 141. List the prime factors of r.
2, 7
Let h be 5/4*(-8)/(-20)*4. Suppose -3*m + 296 = 2*v, -6*v - h*m + 762 = -v. List the prime factors of v.
2, 7, 11
Let h(z) = z**3 - 18*z**2 - 120*z - 47. List the prime factors of h(28).
11, 13, 31
Let p(n) = -n + 4. Let b be p(2). Let l(g) = 7*g + 9*g**3 + 14*g**3 + 6*g + 22 + 12*g**b - 24*g**3. List the prime factors of l(13).
2, 11
What are the prime factors of 76/(-494) - 188961/(-39)?
3, 5, 17, 19
Let l(q) = 135*q - 398. What are the prime factors of l(123)?
19, 853
Suppose 54*n + 219 = 56*n - 677. What are the prime factors of n?
2, 7
Let t(u) = -2*u + 77. Suppose -5*q + 0 = -3*h - 8, -2*h + 4*q = 6. Let c be -3 - h - 1 - 15/(-5). What are the prime factors of t(c)?
7, 11
Let q(l) = 8*l - 8*l - 7*l + 18 - 13*l. Let o be q(-5). Suppose -s = -z + 16 + o, -4 = -2*s. What are the prime factors of z?
2, 17
Let j(p) be the first derivative of 31*p**4/4 - p**3/3 - p**2/2 - 11. Let v be j(-1). Let l = 4 - v. What are the prime factors of l?
5, 7
Let b(j) = 3350*j - 259. List the prime factors of b(5).
3, 23, 239
Let m(p) = -2*p**3 + 74*p**2 - 54*p - 81. What are the prime factors of m(24)?
3, 1511
Let o be 1*-173*4/(10 - 6). List the prime factors of (-20)/25*-5 - o.
3, 59
Let d be (-1 + 0)*(-1 + -2). Let t = -201 - -204. Suppose -3*k + 360 = d*w, -5*w + t*w + 3*k + 255 = 0. List the prime factors of w.
3, 41
Let c(z) = z**3 + 21*z**2 - 3*z - 33. Let x = 130 + -148. List the prime factors of c(x).
3, 331
List the prime factors of (-1)/(-2) - (-107352)/48.
2237
Suppose -n + 11991 = 5*p, 111*p - 5*n = 114*p - 7177. What are the prime factors of p?
2399
Suppose -p = -q - 2*q - 13, -2*p - 5*q + 4 = 0. Suppose 0 = -p*x + x + 1650. Suppose -5*v = -x - 200. What are the prime factors of v?
5, 19
Suppose 366078 = 76*b - 42*b. What are the prime factors of b?
3, 37, 97
Let f be 0 - (8 - -118)/(-6). Suppose 2248 = f*r - 9260. What are the prime factors of r?
2, 137
Let j = -219 - -221. Suppose -x - 5*d + 507 = 0, -5*x + j*d = 1751 - 4178. What are the prime factors of x?
487
Let i be (-1)/(3 - (-15)/(-6)) - 2. Let w be (-18)/(-7) + (-3)/(-7). What are the prime factors of 47/i*(-12)/(6 - w)?
47
Suppose 3*j - 2 = 6*j + 2*t, 5*t + 5 = -j. Let p be (j - -1)/(8/552). Suppose o - p = -6. List the prime factors of o.
3, 7
Suppose 5*x = 1521*i - 1520*i + 140169, 5*i + 140185 = 5*x. What are the prime factors of x?
17, 97
Suppose 11*q - 20*q + 342576 = 30*q. What are the prime factors of q?
2, 3, 61
Let n(j) = -836*j + 12. Let v = 490 - 491. List the prime factors of n(v).
2, 53
Let z = 7 + -6. Let d be -1 + (110 + z - (-1 - -2)). Let g = 193 - d. What are the prime factors of g?
2, 3, 7
Suppose 14*l = 2465 + 3583. Suppose -y = -3*n - l, -3*y - 3*n = -8*n - 1308. What are the prime factors of y?
3, 7
Suppose -3872 = -2*q + q + 5*h, 2*q - h = 7771. Suppose -13*o = 10*o - q. What are the prime factors of o?
13
Let w(l) = -l**3 - 34*l**2 - 66*l - 43. Let t be w(-32). List the prime factors of ((-3404)/6)/((98/t)/(-7)).
23, 37
Let a(f) = 6664*f**2 + 233*f - 688. List the prime factors of a(3).
223, 269
Let y(l) = l**2 - 65*l - 397. What are the prime factors of y(-47)?
31, 157
Suppose -55*m + 61*m - 104538 = 0. List the prime factors of m.
7, 19, 131
Suppose 5*p - 20 = 15, 3*p - 21 = -4*z. Let i = 1 - 0. What are the prime factors of (187/i + z)*1?
11, 17
What are the prime factors of (36/(-8))/(((-6)/16)/(8274/28))?
2, 3, 197
Let h = -28 - -31. Suppose -5*c + 642 = -c - 2*j, h*j = -c + 150. Suppose 3*a - 2*q = c, -3*a + 3*q = -7*a + 212. List the prime factors of a.
53
Let i(l) = l + 24. Let b be i(-18). Let k be (-249)/(-6) + b/4. Let y = k + 24. List the prime factors of y.
67
Suppose 0 = -5*v + 2*p + 3048, -5*v + 5*p - 4*p + 3049 = 0. What are the prime factors of v?
2, 5, 61
Let a(v) = 20*v**2 - v + 1. Let q = -24 - -24. Let w be ((-4)/8)/((-1)/(-4) - q). List the prime factors of a(w).
83
Let f be 20/70 + 61/14*2. Suppose -3*y = -f, 0 = 4*g - 0*y - 4*y - 888. What are the prime factors of (2/5)/(1/g)?
2, 3, 5
Let q(c) = -3*c - 9. Let x be q(-11). Suppose x*a = 16*a + 34720. List the prime factors of (-2)/(-4) + a/40.
109
Let s(r) = -r**2 + 158*r - 281. What are the prime factors of s(54)?
5, 11, 97
Let s = 340 + 4740. List the prime factors of s.
2, 5, 127
Let r be (8/(-5))/(1/(-150)). Suppose -86 + r = 2*t. List the prime factors of t.
7, 11
Let k = 988 - 679. Let o = 1763 - k. List the prime factors of o.
2, 727
Let f = 5431 - 2756. List the prime factors of f.
5, 107
Suppose 4*v - z - 16 = 0, -5*v + 14 = -4*z - 6. Suppose -2*n + 12 = v*w, n + 3*w - 3 = 3. Suppose n*u = 7*u - 78. List the prime factors of u.
2, 3, 13
Let t(m) = -m**3 - 2 + 2 - 7*m - 6*m**2 + 3*m + 1. Let g be t(-5). What are the prime factors of -2 - (-209)/3 - g/(-6)?
67
Suppose -38*y + 7*y + 283458 = 11*y. What are the prime factors of y?
17, 397
Let g(f) = -7*f**3 + 18. Let h(v) = 7*v**3 - v**2 - v - 20. Let c(b) = -4*g(b) - 3*h(b). List the prime factors of c(4).
2, 31
Suppose -452*p + 461*p = -4329. Let g = p + 949. List the prime factors of g.
2, 3, 13
Let a = -50 + 81. Let h be (15 - a) + 1*-2. List the prime factors of 4/h + 865/45.
19
Suppose -2*c = c + 9, 0 = -f + c + 8. Suppose -22 = 3*p + 5*s, -8 = -f*p + 2*p + s. List the prime factors of p - (-24)/(-15) - (-5038)/55.
7, 13
Let y(r) = 334*r**2 + 64*r + 576. List the prime factors of y(-8).
2, 5, 67
Suppose 0*b + 3*b = -12, 48 = 2*z + 3*b. Let s = z + -13. List the prime factors of 3/(1/(-1)) - -2*s.
31
Let j = -640 - -658. List the prime factors of ((-39)/j + 15/10)*-1437.
2, 479
Let t(k) = 2*k**3 - 4*k**2 + k - 11. Let h be t(3). Suppose 0 = -h*s + 2553 + 2867. List the prime factors of s.
2, 271
Suppose -386617 + 477978 = -42*u + 2221601. List the prime factors of u.
2, 5, 317
Let o = -430 + -69. List the prime factors of o/1*(-5 + 3).
2, 499
What are the prime factors of ((-10874)/4)/((-9)/36)?
2, 5437
Let s = -256 + -1034. Let p = 154 - s. What are the prime factors of p?
2, 19
Suppose 94*u - 85*u = 6930. List the prime factors of u.
2, 5, 7, 11
Let l be -1 - 1 - -1*279. Let t(d) = 111*d - 29. Let r be t(2). Let j = l - r. List the prime factors of j.
2, 3, 7
Suppose -99*z + 124*z - 195557 = 244743. List the prime factors of z.
2, 7, 17, 37
Suppose -13494 - 42410 = -8*m. What are the prime factors of m?
2, 1747
Let v = 117 + -117. What are the prime factors of (2 - (0 + v))/((-8)/(-3260))?
5, 163
Let p(h) = 417*h**2 + 5*h + 1. Let t(i) = -417*i**2 - 6*i - 1. Let n(x) = 4*p(x) + 3*t(x). List the prime factors of n(-1).
2, 13
Suppose 71*k = 73*k - 346. Suppose 0 = 5*v - 3*x - 410, -147 = -4*v + 4*x + k. What are the prime factors of v?
5, 17
Let j = -19682 - -22298. List the prime factors of j.
2, 3, 109
Suppose r - 26890 = -177*b + 181*b, 2*b = 2*r - 53750. List the prime factors of r.
2, 5, 2687
Let v(d) be the second derivative of -d**5/20 + d**4/4 + 7*d**3/3 - d**2/2 + 75*d + 1. What are the prime factors of v(-7)?
17, 23
Let w = -3 + 6. Let k = -813 + 958. What are the prime factors of k/3 - (-2)/w?
7
Let m(z) = 114*z + 41. Let k be m(-7). Let d = -94 - k. What are the prime factors of d?
3, 13, 17
Let w(u) = u**3 - 68*u**2 + 57*u + 328. What are the prime factors of w(73)?
2, 3, 5189
Suppose -3*m + 0*c =